{"id":2248,"date":"2024-12-11T04:43:36","date_gmt":"2024-12-11T04:43:36","guid":{"rendered":"https:\/\/sasha7.com\/blog\/?page_id=2248"},"modified":"2026-01-14T17:58:06","modified_gmt":"2026-01-14T17:58:06","slug":"cancelando-ou-excluindo-seu-perfil","status":"publish","type":"page","link":"https:\/\/sasha7.com\/blog\/cancelando-ou-excluindo-seu-perfil\/","title":{"rendered":"Cancelando ou Excluindo Seu Perfil | Sasha7"},"content":{"rendered":"\n<link rel=\"alternate\" href=\"https:\/\/sasha7.com\/blog\/cancelation-deletion\/\" hreflang=\"en\" \/>\n  <link rel=\"alternate\" href=\"https:\/\/sasha7.com\/blog\/cancelando-ou-excluindo-seu-perfil\/\" hreflang=\"pt-BR\" \/>\n\n\n\n<h2 class=\"wp-block-heading\">Deseja cancelar sua assinatura ou excluir seu perfil?<\/h2>\n\n\n\n<p>Entendemos que as circunst\u00e2ncias mudam, e estamos aqui para ajudar com qualquer altera\u00e7\u00e3o de conta que voc\u00ea precise. Abaixo est\u00e3o os passos para excluir seu perfil ou cancelar sua assinatura:<\/p>\n\n\n\n<h4 class=\"wp-block-heading\">Excluir seu perfil<\/h4>\n\n\n\n<ol class=\"wp-block-list\">\n<li>Clique na sua foto de perfil no canto superior direito da p\u00e1gina.<\/li>\n\n\n\n<li>Isso abrir\u00e1 as op\u00e7\u00f5es no lado esquerdo. Selecione Configura\u00e7\u00f5es.<\/li>\n\n\n\n<li>Clique em Excluir para navegar at\u00e9 a p\u00e1gina de exclus\u00e3o.<\/li>\n\n\n\n<li>Agora voc\u00ea tem duas op\u00e7\u00f5es:<\/li>\n<\/ol>\n\n\n\n<ul class=\"wp-block-list\">\n<li><strong>Exclus\u00e3o padr\u00e3o (gr\u00e1tis):<\/strong> Clique no bot\u00e3o Excluir para remover seu perfil.<\/li>\n\n\n\n<li><strong>Exclus\u00e3o total de conta (Exclus\u00e3o permanente \u2013 $15):<\/strong> Opte por este n\u00edvel adicional de seguran\u00e7a para a remo\u00e7\u00e3o completa de todas as suas atividades e registros de nossos servidores.<\/li>\n<\/ul>\n\n\n\n<h4 class=\"wp-block-heading\">O que \u00e9 Exclus\u00e3o Total de Conta?<\/h4>\n\n\n\n<p>A exclus\u00e3o padr\u00e3o \u00e9 gratuita e eficaz. No entanto, com a exclus\u00e3o total (tamb\u00e9m conhecida como exclus\u00e3o permanente), n\u00f3s apagamos manualmente e permanentemente todos os vest\u00edgios das suas atividades dos nossos servidores e registros. Esse processo garante o mais alto n\u00edvel de seguran\u00e7a e tranquilidade.<\/p>\n\n\n\n<h3 class=\"wp-block-heading\">Cancelar sua assinatura<\/h3>\n\n\n\n<p>Para cancelar sua assinatura:<\/p>\n\n\n\n<ol class=\"wp-block-list\">\n<li>Envie um email para <a>support@sasha7.zohodesk.com<\/a> com o assunto &#8220;Cancelar Assinatura&#8221;.<\/li>\n\n\n\n<li>O cancelamento da assinatura \u00e9 um processo manual:<\/li>\n<\/ol>\n\n\n\n<ul class=\"wp-block-list\">\n<li>Um de nossos agentes revisar\u00e1 sua solicita\u00e7\u00e3o e enviar\u00e1 um email de acompanhamento.<\/li>\n\n\n\n<li>Por favor, responda ao email de acompanhamento com as informa\u00e7\u00f5es necess\u00e1rias para concluir o cancelamento.<\/li>\n<\/ul>\n\n\n\n<h4 class=\"wp-block-heading\">Nota importante:<\/h4>\n\n\n\n<p>Se sua assinatura for renovada entre o momento em que voc\u00ea enviar a solicita\u00e7\u00e3o de exclus\u00e3o e quando nossos agentes conclu\u00edrem o processo, <strong>voc\u00ea n\u00e3o ser\u00e1 cobrado<\/strong>. Se uma cobran\u00e7a for aplicada, ela ser\u00e1 reembolsada imediatamente.<\/p>\n\n\n\n<p>Agradecemos sua compreens\u00e3o e estamos aqui para apoi\u00e1-lo durante o processo.<\/p>\n\n\n\n<h3 class=\"wp-block-heading\"><strong>Recursos e Suporte<\/strong><\/h3>\n\n\n\n<ul class=\"wp-block-list\">\n<li><strong><a href=\"https:\/\/sasha7.com\/blog\/perguntas-frequentes\/\" target=\"_blank\" rel=\"noreferrer noopener\">Perguntas Frequentes<\/a><\/strong> (FAQ)<\/li>\n\n\n\n<li><strong><a href=\"https:\/\/sasha7.com\/blog\/fraudes-e-seguranca\/\" target=\"_blank\" rel=\"noreferrer noopener\">Fraudes e Seguran\u00e7a<\/a><\/strong><\/li>\n\n\n\n<li><strong><a href=\"https:\/\/sasha7.com\/blog\/politica-de-privacidade\/\" target=\"_blank\" rel=\"noreferrer noopener\">Pol\u00edtica de Privacidade<\/a><\/strong><\/li>\n\n\n\n<li><strong><a href=\"https:\/\/sasha7.com\/blog\/termos-e-condicoes\/\" target=\"_blank\" rel=\"noreferrer noopener\">Termos e Condi\u00e7\u00f5es<\/a><\/strong><\/li>\n\n\n\n<li><strong><a href=\"https:\/\/sasha7.com\/blog\/politica-de-ciberseguranca\/\" target=\"_blank\" rel=\"noreferrer noopener\">Pol\u00edtica de Ciberseguran\u00e7a<\/a><\/strong><\/li>\n\n\n\n<li><strong><a href=\"https:\/\/sasha7.com\/blog\/solicitacoes-legais\/\" target=\"_blank\" rel=\"noreferrer noopener\">Solicita\u00e7\u00f5es Legais<\/a><\/strong><\/li>\n\n\n\n<li><strong><a href=\"https:\/\/sasha7.com\/blog\/politica-de-reclamacoes\/\" target=\"_blank\" rel=\"noreferrer noopener\">Pol\u00edtica de Reclama\u00e7\u00f5es<\/a><\/strong><\/li>\n\n\n\n<li><strong><a href=\"https:\/\/sasha7.com\/blog\/cancelando-ou-excluindo-seu-perfil\/\" target=\"_blank\" rel=\"noreferrer noopener\">Cancelando ou Excluindo seu Perfil<\/a><\/strong><\/li>\n\n\n\n<li><strong><a href=\"https:\/\/sasha7.com\/blog\/contato\/\" target=\"_blank\" rel=\"noreferrer noopener\">Fale Conosco<\/a><\/strong><\/li>\n<\/ul>\n","protected":false},"excerpt":{"rendered":"<p>Deseja cancelar sua assinatura ou excluir seu perfil? Entendemos que as circunst\u00e2ncias mudam, e estamos aqui para ajudar com qualquer altera\u00e7\u00e3o de conta que voc\u00ea precise. Abaixo est\u00e3o os passos para excluir seu perfil ou cancelar sua assinatura: Excluir seu perfil O que \u00e9 Exclus\u00e3o Total de Conta? A exclus\u00e3o padr\u00e3o \u00e9 gratuita e eficaz&#8230;.<\/p>\n","protected":false},"author":2,"featured_media":0,"parent":0,"menu_order":0,"comment_status":"closed","ping_status":"closed","template":"","meta":{"footnotes":""},"class_list":["post-2248","page","type-page","status-publish","hentry"],"_links":{"self":[{"href":"https:\/\/sasha7.com\/blog\/wp-json\/wp\/v2\/pages\/2248","targetHints":{"allow":["GET"]}}],"collection":[{"href":"https:\/\/sasha7.com\/blog\/wp-json\/wp\/v2\/pages"}],"about":[{"href":"https:\/\/sasha7.com\/blog\/wp-json\/wp\/v2\/types\/page"}],"author":[{"embeddable":true,"href":"https:\/\/sasha7.com\/blog\/wp-json\/wp\/v2\/users\/2"}],"replies":[{"embeddable":true,"href":"https:\/\/sasha7.com\/blog\/wp-json\/wp\/v2\/comments?post=2248"}],"version-history":[{"count":7,"href":"https:\/\/sasha7.com\/blog\/wp-json\/wp\/v2\/pages\/2248\/revisions"}],"predecessor-version":[{"id":4061,"href":"https:\/\/sasha7.com\/blog\/wp-json\/wp\/v2\/pages\/2248\/revisions\/4061"}],"wp:attachment":[{"href":"https:\/\/sasha7.com\/blog\/wp-json\/wp\/v2\/media?parent=2248"}],"curies":[{"name":"wp","href":"https:\/\/api.w.org\/{rel}","templated":true}]}}